of 458526?
8
What is the units digit of 1393433?
3
What is the tens digit of 4489197?
9
What is the units digit of 2036868?
8
What is the millions digit of 1674781?
1
What is the ten thousands digit of 393876?
9
What is the thousands digit of 602158?
2
What is the millions digit of 8255295?
8
What is the tens digit of 11499031?
3
What is the thousands digit of 3607995?
7
What is the thousands digit of 410132?
0
What is the ten thousands digit of 4083787?
8
What is the millions digit of 1045814?
1
What is the units digit of 602945?
5
What is the millions digit of 11907556?
1
What is the hundreds digit of 1915118?
1
What is the hundred thousands digit of 2251519?
2
What is the millions digit of 23234523?
3
What is the units digit of 7641625?
5
What is the tens digit of 1264333?
3
What is the ten thousands digit of 5902626?
0
What is the tens digit of 10951845?
4
What is the thousands digit of 5881111?
1
What is the hundreds digit of 41442645?
6
What is the tens digit of 7270052?
5
What is the ten thousands digit of 7168166?
6
What is the units digit of 250584?
4
What is the thousands digit of 2469240?
9
What is the millions digit of 19228668?
9
What is the ten thousands digit of 1814391?
1
What is the hundreds digit of 36217206?
2
What is the millions digit of 11828337?
1
What is the ten thousands digit of 367712?
6
What is the tens digit of 2972179?
7
What is the thousands digit of 132558?
2
What is the ten thousands digit of 16674?
1
What is the tens digit of 1778769?
6
What is the hundreds digit of 496816?
8
What is the millions digit of 1481191?
1
What is the units digit of 2737632?
2
What is the hundreds digit of 52928?
9
What is the hundreds digit of 6015976?
9
What is the hundreds digit of 499624?
6
What is the units digit of 2420115?
5
What is the ten thousands digit of 108702?
0
What is the thousands digit of 3085300?
5
What is the thousands digit of 84233?
4
What is the millions digit of 1507228?
1
What is the units digit of 13279361?
1
What is the millions digit of 3758149?
3
What is the hundreds digit of 43833?
8
What is the thousands digit of 1539236?
9
What is the hundred thousands digit of 5233257?
2
What is the units digit of 16553?
3
What is the hundred thousands digit of 1629491?
6
What is the thousands digit of 1379803?
9
What is the thousands digit of 124419?
4
What is the thousands digit of 805867?
5
What is the hundred thousands digit of 236883?
2
What is the millions digit of 2451230?
2
What is the ten millions digit of 15067407?
1
What is the hundreds digit of 68830?
8
What is the hundred thousands digit of 4510556?
5
What is the ten thousands digit of 2790650?
9
What is the ten thousands digit of 311345?
1
What is the ten thousands digit of 16277215?
7
What is the thousands digit of 69733?
9
What is the tens digit of 1820138?
3
What is the ten thousands digit of 479976?
7
What is the tens digit of 5558884?
8
What is the hundred thousands digit of 277097?
2
What is the ten thousands digit of 690512?
9
What is the tens digit of 4857520?
2
What is the hundred thousands digit of 5112245?
1
What is the hundreds digit of 4523141?
1
What is the thousands digit of 504290?
4
What is the millions digit of 15412727?
5
What is the units digit of 4792460?
0
What is the ten millions digit of 23623023?
2
What is the tens digit of 240358?
5
What is the hundreds digit of 1253228?
2
What is the thousands digit of 1889679?
9
What is the tens digit of 7173679?
7
What is the units digit of 1127754?
4
What is the tens digit of 48996?
9
What is the hundreds digit of 3952029?
0
What is the units digit of 3315906?
6
What is the ten thousands digit of 267080?
6
What is the ten thousands digit of 5773722?
7
What is the hundred thousands digit of 1636614?
6
What is the tens digit of 7728454?
5
What is the hundred thousands digit of 4627677?
6
What is the hundreds digit of 140759?
7
What is the millions digit of 3642778?
3
What is the thousands digit of 55695?
5
What is the ten thousands digit of 1341799?
4
What is the tens digit of 359677?
7
What is the hundreds digit of 814820?
8
What is the units digit of 24992904?
4
What is the hundreds digit of 515924?
9
What is the thousands digit of 175611?
5
What is the tens digit of 254341?
4
What is the units digit of 1580984?
4
What is the hundred thousands digit of 1401452?
4
What is the hundreds digit of 102864?
8
What is the thousands digit of 11519228?
9
What is the ten thousands digit of 7008428?
0
What is the hundred thousands digit of 2596786?
5
What is the hundred thousands digit of 29805855?
8
What is the hundreds digit of 793192?
1
What is the ten thousands digit of 405976?
0
What is the millions digit of 16201052?
6
What is the hundreds digit of 13264420?
4
What is the thousands digit of 34676?
4
What is the millions digit of 2922448?
2
What is the hundred thousands digit of 549000?
5
What is the hundreds digit of 4960667?
6
What is the hundreds digit of 25233235?
2
What is the millions digit of 1234804?
1
What is the ten thousands digit of 1350272?
5
What is the tens digit of 456970?
7
What is the hundred thousands digit of 568571?
5
What is the units digit of 193635?
5
What is the hundred thousands digit of 1773647?
7
What is the hundred thousands digit of 105181?
1
What is the units digit of 2254947?
7
What is the millions digit of 9133389?
9
What is the millions digit of 1136168?
1
What is the hundreds digit of 8821260?
2
What is the hundred thousands digit of 197558?
1
What is the hundreds digit of 370781?
7
What is the tens digit of 1048592?
9
What is the hundred thousands digit of 2922115?
9
What is the ten thousands digit of 268754?
6
What is the units digit of 1015038?
8
What is the thousands digit of 99371?
9
What is the thousands digit of 265061?
5
What is the hundred thousands digit of 30569265?
5
What is the ten thousands digit of 34022?
3
What is the hundreds digit of 325014?
0
What is the hundred thousands digit of 1255757?
2
What is the thousands digit of 155835?
5
What is the thousands digit of 1455954?
5
What is the hundreds digit of 3361855?
8
What is the hundred thousands digit of 612022?
6
What is the thousands digit of 126390?
6
What is the units digit of 2662894?
4
What is the hundred thousands digit of 929803?
9
What is the hundreds digit of 21900091?
0
What is the millions digit of 5952086?
5
What is the ten thousands digit of 893501?
9
What is the ten thousands digit of 134573?
3
What is the millions digit of 2848554?
2
What is the hundred thousands digit of 1861344?
8
What is the thousands digit of 220478?
0
What is the hundred thousands digit of 23981636?
9
What is the millions digit of 3145709?
3
What is the ten thousands digit of 407311?
0
What is the thousands digit of 148585?
8
What is the hundreds digit of 1504702?
7
What is the ten millions digit of 18572763?
1
What is the tens digit of 37658423?
2
What is the hundred thousands digit of 920964?
9
What is the units digit of 601470?
0
What is the units digit of 74503?
3
What is the thousands digit of 649406?
9
What is the hundred thousands digit of 7908940?
9
What is the thousands digit of 56519?
6
What is the tens digit of 6520212?
1
What is the millions digit of 1730689?
1
What is the tens digit of 201372?
7
What is the ten thousands digit of 33281727?
8
What is the hundred thousands digit of 307165?
3
What is the tens digit of 107934?
3
What is the units digit of 2584257?
7
What is the tens digit of 1373?
7
What is the hundreds digit of 43363972?
9
What is the ten thousands digit of 216341?
1
What is the millions digit of 3437499?
3
What is the hundred thousands digit of 31264038?
2
What is the ten thousands digit of 745706?
4
What is the tens digit of 808500?
0
What is the ten thousands digit of 1146526?
4
What is the ten thousands digit of 4590053?
9
What is the hundreds digit of 92822?
8
What is the units digit of 12530016?
6
What is the hundreds digit of 290007?
0
What is the millions digit of 3899925?
3
What is the tens digit of 25949675?
7
What is the units digit of 65536?
6
What is the tens digit of 1866599?
9
What is the units digit of 1167906?
6
What is the hundreds digit of 29813958?
9
What is the ten thousands digit of 4268857?
6
What is the hundreds digit of 82163?
1
What is the tens digit of 